 is the units digit of a(m)?
9
Let h(w) = 12*w**2 - 3*w - 6. What is the units digit of h(-4)?
8
Let s(z) = 7*z**3 + 3*z**2 + 2*z - 8. Let n(i) = -i**3 + 1. Let q(g) = -6*n(g) - s(g). What is the units digit of q(-2)?
2
Suppose -63 = 2*x + w - 375, 0 = -4*w. What is the units digit of x?
6
Suppose 175 = s - 4*i, -4*i + 516 = 3*s - 7*i. What is the units digit of s?
1
Suppose 0 = -3*q + p - 2*p + 14, -4*p + 11 = -3*q. Suppose 5*l = -10, q*o + 20 = 5*o - l. What is the units digit of o?
9
Let p(z) = z**2 - 9*z + 18. Let j be p(8). Let h = -8 + j. What is the units digit of h?
2
Let c(l) = -l**2 - 9*l - 1. Let v be c(-6). Suppose x - v = -5*m, 3*m - 18 + 3 = -3*x. What is the units digit of x?
2
Let r = 0 + 2. Suppose -r*w = -7 - 5. What is the units digit of w?
6
Suppose 5*p - 107 = 23. What is the tens digit of p?
2
Let s(w) = w**2 + 2*w - 2. Let z be s(-4). Let t(x) = 8*x + 0*x + 18*x**2 - 19*x**2 - 7. What is the units digit of t(z)?
5
Let q = -35 - -67. What is the units digit of q?
2
Suppose 0 = -11*d + 1651 + 417. What is the units digit of d?
8
What is the tens digit of (28/3)/((-8)/(-24))?
2
Suppose t - 20 = -3*t. Suppose 5*i - t = -0. Suppose 2*y + i = 4*s + 21, 2*s = 3*y - 14. What is the units digit of y?
2
Suppose -5*i = -4*j + 197, i = j - i - 53. What is the units digit of j?
3
Let p = 2 + 0. Suppose -4*g + p = -2. What is the units digit of 2*(0 + g + 2)?
6
Let f = -6 - -14. Suppose 2 = -v - d, 0*v - 2*v - f = -2*d. Let s = -2 - v. What is the units digit of s?
1
Let u = 3 + 0. Suppose 4 = -h - 0*h + 5*s, -s = u*h - 20. Suppose -2*k = -h + 2. What is the units digit of k?
2
Let y(t) = 4 - 4*t - 12 - t. Let a(c) = -2*c - 3. Let o(q) = 8*a(q) - 3*y(q). What is the units digit of o(-2)?
2
Let z(w) = 4*w**2 - 4*w + 5. What is the hundreds digit of z(-5)?
1
Suppose -5*z - 5 = 0, u + 21 = -u + z. Let f = u - -4. Let y(t) = t**2 + 8*t + 8. What is the units digit of y(f)?
1
Suppose 0 = -5*d + 26 + 4. Let t = d + -2. What is the units digit of t?
4
Let s(u) be the third derivative of -u**5/60 + 3*u**4/8 - 5*u**3/6 + 2*u**2. Let x be s(4). What is the units digit of 8/3*x/4?
0
Let u = 556 + -324. What is the hundreds digit of u?
2
Suppose 0 = m - 5*g - 81, g + 3 = -2*g. Suppose 2*j = 6*j - m. What is the tens digit of j?
1
Suppose 0 = w - 2*x - 5, 2*x = -5*w - 2*x + 39. What is the units digit of w?
7
Let z(q) = 32*q - 4. What is the units digit of z(2)?
0
Let o(r) = r**3 - 3*r**2 - 1. Let z be o(3). What is the units digit of (z + 0)*(5 - 6)?
1
Let m(k) be the first derivative of -k**3/3 - 5*k**2/2 + k + 4. Let r be m(-4). What is the tens digit of 310/25 + (-2)/r?
1
Let b(j) = -j**2 + 6*j + 9. Let w(t) = 0 - 5 - 4*t + 2*t. Let a be w(-6). What is the units digit of b(a)?
2
Let j(g) = 5*g - 3. Let a be j(-5). Let n = -17 - a. What is the tens digit of (-6)/(-8)*4 + n?
1
Let r(y) = y**3 - 7*y**2 + 5*y + 9. What is the units digit of r(6)?
3
Suppose -3 = -6*o + 3*o. What is the units digit of o?
1
Suppose -2*y - y = -2*x + 45, y - 73 = -3*x. Suppose -3*n + 21 = -x. What is the tens digit of n?
1
Let d = 106 + -40. What is the tens digit of d?
6
Let k = -4 + 7. Let m = 3 - k. Suppose m = 3*h - h - 8. What is the units digit of h?
4
What is the units digit of (1 - (-15)/(-9))*-33?
2
Suppose -3*i + 18 = -3*l, -2*l + 27 = 2*i - 7*l. Let t = -10 + 2. Let o = i - t. What is the units digit of o?
9
Let w(u) = 51*u**2 + 3*u - 4. What is the units digit of w(1)?
0
Let a(u) = -u**3 + 3*u**2 - 5*u - 2. Let i be a(-3). Suppose -3*c + 4*n + i = 0, c - 2*n - 23 = -0*c. What is the units digit of c?
1
Let f(n) be the first derivative of -n**2 + 3*n - 3. Let q be f(3). What is the units digit of ((-1)/3)/(q/63)?
7
Let i be (-3)/12 - (-2)/8. Suppose -t + 3*m - 4 + 21 = i, 9 = t + m. What is the tens digit of t?
1
Let g(f) = 6 + f - 7*f + 5*f**2 + 4*f - f**3. Let v be g(5). What is the units digit of 2/v - (-93)/6?
5
Suppose 2*v = -55 + 689. What is the units digit of v?
7
Suppose -3*w - 102 = -3*t, 3*w = 3*t + t - 133. What is the units digit of t?
1
Suppose -f + 0 = 7. Let q(d) = d + 10. Let m be q(f). Suppose -28 = -m*k + 2. What is the tens digit of k?
1
Suppose 0 = -4*l + 3*b + 23, 0 = l - 6*l + 2*b + 20. Suppose 2*u - h - 53 = 0, -5*h + 73 - l = 2*u. What is the tens digit of u?
2
Suppose -b + 2*n - 3 = 0, 0 = 8*b - 4*b + n - 33. Suppose -3*u - b + 55 = 0. What is the tens digit of u?
1
Suppose -5*f + 2*f + 411 = 0. Suppose 17 = -4*h + f. What is the tens digit of h?
3
Suppose 73 - 291 = -2*b. What is the units digit of b?
9
Let z(k) = -2*k**3 - 11*k**2 - 15*k - 4. What is the units digit of z(-6)?
2
Let d = -154 - -288. What is the units digit of d?
4
Suppose 0 = k - 4 - 22. What is the tens digit of k?
2
Suppose 0 = -6*x + 355 + 191. What is the units digit of x?
1
Let f be 10/35 + (-33)/(-7). Let h = f + -4. What is the units digit of 2/h + -1 - 0?
1
Suppose -194 = -4*u - 26. Suppose 5*y + 3*h - u = 2*y, -2*y + 5*h = -49. What is the tens digit of y?
1
Let g(h) = 2*h**2 - 16*h + 14. Let b = -14 - -25. Let u be g(b). Suppose u = -0*q + 5*q. What is the tens digit of q?
1
Suppose -4*v - 12 = 0, 0 = -4*f - 5*v + v + 148. What is the tens digit of f?
4
Let f = -2 - -5. Let u be (-5 - 31)*2/(-4). Suppose -t = -f*t + u. What is the units digit of t?
9
Let j(x) be the first derivative of x**2/2 - 14*x + 2. Let r be j(7). Let v = r - -16. What is the units digit of v?
9
Let x = -16 - -10. Let c be (2/(-6))/((-2)/x). What is the units digit of (-98)/(-12) + c/6?
8
Let x be 2/(-12) + (-357)/18. What is the units digit of x/6*(-15)/10?
5
Let g(z) = -6*z - z**3 + 4 + 6*z - z + 3. What is the units digit of g(0)?
7
Suppose -3*g - 30 = -6. Let n be (-8)/12 - 44/6. What is the units digit of (-46)/n + (-2)/g?
6
Let f(a) = 2*a + 0 + 0 + 0. Let i be f(2). Suppose -4*t + i*n = n - 35, -5*n = -3*t + 40. What is the units digit of t?
5
Let a(b) = 3*b - 1. What is the units digit of a(3)?
8
Suppose 3*u - 3*c = -54, -u - 7*c - 3 = -3*c. Let n = u - -39. What is the tens digit of n?
2
Let y(q) = q**2 - 7*q + 6. Let u be y(6). Let n be -21 + (u + -2 - 0). Let o = 36 + n. What is the units digit of o?
3
Suppose 2*w - 180 = -2*w. What is the units digit of w?
5
Suppose 0*z + 3*u = 3*z - 3, z - 5*u = 5. Suppose 2*m + 2*m - 36 = z. What is the units digit of 1 - (2 + m/(-1))?
8
Let s = 47 - 26. What is the tens digit of s?
2
Suppose -2*s = 3*g - 47, -2*g + 2*s = -3*g + 21. Suppose -d = -r + 5 + g, -r + 30 = -4*d. What is the units digit of r?
4
Suppose -o - 4*w = -181, 883 = 5*o - 4*w + 2*w. What is the hundreds digit of o?
1
Suppose 6 + 24 = 5*n. What is the units digit of -2*9/(-12)*n?
9
Let r(d) = d**2 - 3*d + 9. Let q be r(8). Suppose 2*m + 0*w = -w - q, m + 23 = -2*w. What is the units digit of (-160)/m - (-6)/10?
7
What is the tens digit of 1 + 36/(-8)*-6?
2
Suppose 0 = x + 2*t + 6, x + 5*t = -0*x - 6. Let p(g) = -2*g - 3. What is the units digit of p(x)?
9
Let w = -3 - 2. Let d(f) = 6*f - 5. Let y(l) = 4*l - 3. Let v(n) = 5*d(n) - 8*y(n). What is the units digit of v(w)?
9
Let y = 3 + -2. What is the tens digit of ((-2)/(-6))/(y/51)?
1
Let w(f) = 2*f + 4*f - f**2 + 1 - 7*f. Suppose b - n = 2*n + 6, b + 6 = -3*n. What is the units digit of w(b)?
1
Let k(j) = j + 3. Let y be k(-5). What is the tens digit of (120/(-4))/(4/y)?
1
Let t(j) = -7*j**2 + 7*j - 4. Let u(g) = 11*g**2 - 11*g + 6. Let z(i) = -8*t(i) - 5*u(i). Suppose -o - 2*o = 0. What is the units digit of z(o)?
2
Let l be 40 - (-4)/(4/(-3)). Let c = l - 21. What is the tens digit of c?
1
Suppose -2*u - r = 9, -4*r = -u - 0*r. Let p = -3 - u. What is the units digit of p?
1
Suppose 0 = 4*q + 2*y - 54, q + 0*y = -4*y + 24. What is the units digit of (-390)/q*12/(-10)?
9
Suppose 3*g = 6*g. Suppose -5*u - l - 2*l - 55 = g, 0 = -3*u - l - 33. Let b = -7 - u. What is the units digit of b?
4
Let b = 5 + 0. Suppose -3*h = b*l - l - 79, -3*l + h + 43 = 0. What is the tens digit of l?
1
Suppose 0*j + 50 = 2*j + 4*b, -4*b = 5*j - 95. Suppose -8 - 6 = -2*f. Let x = j - f. What is the units digit of x?
8
Let y = -49 + 19. What is the units digit of (3/(-5))/(3/y)?
6
Let x = -36 - -60. What is the units digit of ((-225)/6)/((-18)/x)?
0
Suppose -5*d = 4*k - 21, -4*d - d = -3*k + 7. Let h = 6 - k. What is the units digit of 